{"id":1695,"date":"2023-01-09T17:27:15","date_gmt":"2023-01-09T20:27:15","guid":{"rendered":"https:\/\/www.goiania.go.gov.br\/conselhotributario\/2a-camara\/pautas-segunda-camara-2023\/"},"modified":"2023-08-31T16:23:42","modified_gmt":"2023-08-31T19:23:42","slug":"pautas-segunda-camara-2023","status":"publish","type":"page","link":"https:\/\/www.goiania.go.gov.br\/conselhotributario\/2a-camara\/pautas-segunda-camara-2023\/","title":{"rendered":"Pautas Segunda C\u00e2mara &#8211; 2023"},"content":{"rendered":"\n<p><a href=\"https:\/\/www.goiania.go.gov.br\/conselhotributario\/wp-content\/uploads\/sites\/24\/2023\/04\/Pauta-Sessao-de-Julgamento-Virtual-27.04.2023-Segunda-Camara.pdf\">Pauta Segunda C\u00e2mara 27.04.2023 &#8211; Sess\u00e3o Virtual<\/a><\/p>\n\n\n\n<p><a href=\"https:\/\/www.goiania.go.gov.br\/conselhotributario\/wp-content\/uploads\/sites\/24\/2023\/05\/Pauta-Sessao-de-Julgamento-Virtual-07.06.2023-Segunda-Camara.pdf\">Pauta Segunda C\u00e2mara 07.06.2023 &#8211; Sess\u00e3o Virtual<\/a><\/p>\n\n\n\n<p><a href=\"https:\/\/www.goiania.go.gov.br\/conselhotributario\/wp-content\/uploads\/sites\/24\/2023\/08\/Pauta-Sessao-de-Julgamento-Virtual-31.08.2023-Segunda-Camara.pdf\">Pauta Segunda C\u00e2mara 31.08.2023 &#8211; Sess\u00e3o Virtual<\/a><\/p>\n\n\n\n<p><a href=\"https:\/\/www.goiania.go.gov.br\/conselhotributario\/wp-content\/uploads\/sites\/24\/2023\/08\/Pauta-Sessao-de-Julgamento-Virtual-14.09.2023-Segunda-Camara.pdf\">Pauta Segunda C\u00e2mara 14.09.2023 &#8211; Sess\u00e3o Virtual<\/a><\/p>\n\n\n\n<p><\/p>\n","protected":false},"excerpt":{"rendered":"<p>Pauta Segunda C\u00e2mara 27.04.2023 &#8211; Sess\u00e3o Virtual Pauta Segunda C\u00e2mara 07.06.2023 &#8211; Sess\u00e3o Virtual Pauta Segunda C\u00e2mara 31.08.2023 &#8211; Sess\u00e3o Virtual Pauta Segunda C\u00e2mara 14.09.2023 &#8211; Sess\u00e3o Virtual<\/p>\n","protected":false},"author":1,"featured_media":0,"parent":119,"menu_order":3,"comment_status":"closed","ping_status":"closed","template":"","meta":{"_acf_changed":false,"custom_icon_class":"","footnotes":""},"class_list":["post-1695","page","type-page","status-publish","hentry"],"acf":[],"_links":{"self":[{"href":"https:\/\/www.goiania.go.gov.br\/conselhotributario\/wp-json\/wp\/v2\/pages\/1695","targetHints":{"allow":["GET"]}}],"collection":[{"href":"https:\/\/www.goiania.go.gov.br\/conselhotributario\/wp-json\/wp\/v2\/pages"}],"about":[{"href":"https:\/\/www.goiania.go.gov.br\/conselhotributario\/wp-json\/wp\/v2\/types\/page"}],"author":[{"embeddable":true,"href":"https:\/\/www.goiania.go.gov.br\/conselhotributario\/wp-json\/wp\/v2\/users\/1"}],"replies":[{"embeddable":true,"href":"https:\/\/www.goiania.go.gov.br\/conselhotributario\/wp-json\/wp\/v2\/comments?post=1695"}],"version-history":[{"count":5,"href":"https:\/\/www.goiania.go.gov.br\/conselhotributario\/wp-json\/wp\/v2\/pages\/1695\/revisions"}],"predecessor-version":[{"id":1953,"href":"https:\/\/www.goiania.go.gov.br\/conselhotributario\/wp-json\/wp\/v2\/pages\/1695\/revisions\/1953"}],"up":[{"embeddable":true,"href":"https:\/\/www.goiania.go.gov.br\/conselhotributario\/wp-json\/wp\/v2\/pages\/119"}],"wp:attachment":[{"href":"https:\/\/www.goiania.go.gov.br\/conselhotributario\/wp-json\/wp\/v2\/media?parent=1695"}],"curies":[{"name":"wp","href":"https:\/\/api.w.org\/{rel}","templated":true}]}}