{"id":1670,"date":"2019-05-13T11:37:32","date_gmt":"2023-01-09T20:11:00","guid":{"rendered":"https:\/\/www.goiania.go.gov.br\/conselhotributario\/atas-4a-camara\/atas-4a-camara-2023\/"},"modified":"2025-01-16T09:29:09","modified_gmt":"2025-01-16T12:29:09","slug":"atas-4a-camara-2023","status":"publish","type":"page","link":"https:\/\/www.goiania.go.gov.br\/conselhotributario\/atas-4a-camara\/atas-4a-camara-2023\/","title":{"rendered":"Atas Quarta C\u00e2mara &#8211; 2023"},"content":{"rendered":"\n<p><a href=\"https:\/\/www.goiania.go.gov.br\/conselhotributario\/wp-content\/uploads\/sites\/24\/2023\/02\/Ata-Sessao-Virtual-06.02.2023-Quarta-Camara.pdf\">Ata Quarta C\u00e2mara 06.02.2023 &#8211; Sess\u00e3o Virtual<\/a><\/p>\n\n\n\n<p><a href=\"https:\/\/www.goiania.go.gov.br\/conselhotributario\/wp-content\/uploads\/sites\/24\/2023\/02\/Ata-Sessao-Virtual-13.02.2023-Quarta-Camara.pdf\">Ata Quarta C\u00e2mara 13.02.2023 &#8211; Sess\u00e3o Virtual<\/a><\/p>\n\n\n\n<p><a href=\"https:\/\/www.goiania.go.gov.br\/conselhotributario\/wp-content\/uploads\/sites\/24\/2023\/03\/Ata-Sessao-Virtual-27.03.2023-Quarta-Camara.pdf\">Ata Quarta C\u00e2mara 27.03.2023 &#8211; Sess\u00e3o Virtual<\/a><\/p>\n\n\n\n<p><a href=\"https:\/\/www.goiania.go.gov.br\/conselhotributario\/wp-content\/uploads\/sites\/24\/2023\/04\/Ata-Sessao-Virtual-17.04.2023-Quarta-Camara.pdf\">Ata Quarta C\u00e2mara 17.04.2023 &#8211; Sess\u00e3o Virtual<\/a><\/p>\n\n\n\n<p><a href=\"https:\/\/www.goiania.go.gov.br\/conselhotributario\/wp-content\/uploads\/sites\/24\/2023\/04\/Ata-Sessao-Virtual-24.04.2023-Quarta-Camara.pdf\">Ata Quarta C\u00e2mara 24.04.2023 &#8211; Sess\u00e3o Virtual<\/a><\/p>\n\n\n\n<p><a href=\"https:\/\/www.goiania.go.gov.br\/conselhotributario\/wp-content\/uploads\/sites\/24\/2023\/05\/Ata-Sessao-de-Julgamento-Virtual-08.05.2023-4a-Camara.pdf\">Ata Quarta C\u00e2mara 08.05.2023 &#8211; Sess\u00e3o Virtual<\/a><\/p>\n\n\n\n<p><a href=\"https:\/\/www.goiania.go.gov.br\/conselhotributario\/wp-content\/uploads\/sites\/24\/2023\/06\/Ata-Sessao-Virtual-19.06.2023-Quarta-Camara-1.pdf\">Ata Quarta C\u00e2mara 19.06.2023 &#8211; Sess\u00e3o Virtual<\/a><\/p>\n\n\n\n<p><a href=\"https:\/\/www.goiania.go.gov.br\/conselhotributario\/wp-content\/uploads\/sites\/24\/2023\/07\/Ata-Sessao-Virtual-27.06.2023-Quarta-Camara.pdf\">Ata Quarta C\u00e2mara 27.06.2023 &#8211; Sess\u00e3o Virtual<\/a><\/p>\n\n\n\n<p><a href=\"https:\/\/www.goiania.go.gov.br\/conselhotributario\/wp-content\/uploads\/sites\/24\/2023\/09\/Ata-Sessao-Virtual-18.09.2023-Quarta-Camara.pdf\">Ata Quarta C\u00e2mara 18.09.2023 &#8211; Sess\u00e3o Virtual<\/a><\/p>\n\n\n\n<p><a href=\"https:\/\/www.goiania.go.gov.br\/conselhotributario\/wp-content\/uploads\/sites\/24\/2023\/09\/Ata-Sessao-Virtual-25.09.2023-Quarta-Camara.pdf\">Ata Quarta C\u00e2mara 25.09.2023 &#8211; Sess\u00e3o Virtual<\/a><\/p>\n\n\n\n<p><a href=\"https:\/\/www.goiania.go.gov.br\/conselhotributario\/wp-content\/uploads\/sites\/24\/2023\/10\/Ata-Sessao-Virtual-09.10.2023-Quarta-Camara.pdf\">Ata Quarta C\u00e2mara 09.10.2023 &#8211; Sess\u00e3o Virtual<\/a><\/p>\n\n\n\n<p><a href=\"https:\/\/www.goiania.go.gov.br\/conselhotributario\/wp-content\/uploads\/sites\/24\/2023\/10\/Ata-Sessao-Virtual-17.10.2023-Quarta-Camara.pdf\">Ata Quarta C\u00e2mara 17.10.2023 &#8211; Sess\u00e3o Virtual<\/a><\/p>\n\n\n\n<p><a href=\"https:\/\/www.goiania.go.gov.br\/conselhotributario\/wp-content\/uploads\/sites\/24\/2023\/11\/Ata-Sessao-Virtual-20.11.2023-Quarta-Camara.pdf\">Ata Quarta C\u00e2mara 20.11.2023 &#8211; Sess\u00e3o Virtual<\/a><\/p>\n\n\n\n<p><a href=\"https:\/\/www.goiania.go.gov.br\/conselhotributario\/wp-content\/uploads\/sites\/24\/2023\/11\/Ata-Sessao-Virtual-27.11.2023-Quarta-Camara.pdf\">Ata Quarta C\u00e2mara 27.11.2023 &#8211; Sess\u00e3o Virtual<\/a><\/p>\n\n\n\n<p><\/p>\n","protected":false},"excerpt":{"rendered":"<p>Ata Quarta C\u00e2mara 06.02.2023 &#8211; Sess\u00e3o Virtual Ata Quarta C\u00e2mara 13.02.2023 &#8211; Sess\u00e3o Virtual Ata Quarta C\u00e2mara 27.03.2023 &#8211; Sess\u00e3o Virtual Ata Quarta C\u00e2mara 17.04.2023 &#8211; Sess\u00e3o Virtual Ata Quarta C\u00e2mara 24.04.2023 &#8211; Sess\u00e3o Virtual Ata Quarta C\u00e2mara 08.05.2023 &#8211; Sess\u00e3o Virtual Ata Quarta C\u00e2mara 19.06.2023 &#8211; Sess\u00e3o Virtual Ata Quarta C\u00e2mara 27.06.2023 &#8211; Sess\u00e3o [&hellip;]<\/p>\n","protected":false},"author":1,"featured_media":0,"parent":632,"menu_order":3,"comment_status":"closed","ping_status":"closed","template":"","meta":{"_acf_changed":false,"custom_icon_class":"","footnotes":""},"class_list":["post-1670","page","type-page","status-publish","hentry"],"acf":[],"_links":{"self":[{"href":"https:\/\/www.goiania.go.gov.br\/conselhotributario\/wp-json\/wp\/v2\/pages\/1670","targetHints":{"allow":["GET"]}}],"collection":[{"href":"https:\/\/www.goiania.go.gov.br\/conselhotributario\/wp-json\/wp\/v2\/pages"}],"about":[{"href":"https:\/\/www.goiania.go.gov.br\/conselhotributario\/wp-json\/wp\/v2\/types\/page"}],"author":[{"embeddable":true,"href":"https:\/\/www.goiania.go.gov.br\/conselhotributario\/wp-json\/wp\/v2\/users\/1"}],"replies":[{"embeddable":true,"href":"https:\/\/www.goiania.go.gov.br\/conselhotributario\/wp-json\/wp\/v2\/comments?post=1670"}],"version-history":[{"count":10,"href":"https:\/\/www.goiania.go.gov.br\/conselhotributario\/wp-json\/wp\/v2\/pages\/1670\/revisions"}],"predecessor-version":[{"id":2522,"href":"https:\/\/www.goiania.go.gov.br\/conselhotributario\/wp-json\/wp\/v2\/pages\/1670\/revisions\/2522"}],"up":[{"embeddable":true,"href":"https:\/\/www.goiania.go.gov.br\/conselhotributario\/wp-json\/wp\/v2\/pages\/632"}],"wp:attachment":[{"href":"https:\/\/www.goiania.go.gov.br\/conselhotributario\/wp-json\/wp\/v2\/media?parent=1670"}],"curies":[{"name":"wp","href":"https:\/\/api.w.org\/{rel}","templated":true}]}}