{"id":1044,"date":"2019-05-13T11:37:32","date_gmt":"2021-06-15T18:38:54","guid":{"rendered":"https:\/\/www.goiania.go.gov.br\/conselhotributario\/atas-4a-camara\/atas-4a-camara-2021\/"},"modified":"2025-01-16T09:29:59","modified_gmt":"2025-01-16T12:29:59","slug":"atas-4a-camara-2021","status":"publish","type":"page","link":"https:\/\/www.goiania.go.gov.br\/conselhotributario\/atas-4a-camara\/atas-4a-camara-2021\/","title":{"rendered":"Atas Quarta C\u00e2mara &#8211; 2021"},"content":{"rendered":"\n<p><a href=\"https:\/\/www.goiania.go.gov.br\/conselhotributario\/wp-content\/uploads\/sites\/24\/2021\/08\/ATA-SESSAO-ORDINARIA-VITUAL-4a-CAMARA-29.07.2021-1.pdf\">Ata Quarta C\u00e2mara 29.07.2021 &#8211; Sess\u00e3o Virtual<\/a><\/p>\n\n\n\n<p><a href=\"https:\/\/www.goiania.go.gov.br\/conselhotributario\/wp-content\/uploads\/sites\/24\/2021\/10\/ATA-SESSAO-ORDINARIA-VIRTUAL-4a-CAMARA-18.10.2021.pdf\">Ata Quarta C\u00e2mara 18.10.2021 &#8211; Sess\u00e3o Virtual<\/a><\/p>\n\n\n\n<p><a href=\"https:\/\/www.goiania.go.gov.br\/conselhotributario\/wp-content\/uploads\/sites\/24\/2021\/11\/Ata-Sessao-Ordinaria-4a-Camara-04.11.2021...pdf\">Ata Quarta C\u00e2mara 04.11.2021 &#8211; Sess\u00e3o Virtual<\/a><\/p>\n\n\n\n<p><a href=\"https:\/\/www.goiania.go.gov.br\/conselhotributario\/wp-content\/uploads\/sites\/24\/2021\/11\/ATA-POSSE-VICE-PRESIDENCIA-4a-CAMARA-04.11.2021...pdf\">Ata Elei\u00e7\u00e3o Vice-Presidente da Quarta C\u00e2mara 04\/11\/2021 &#8211; Sess\u00e3o Virtual <\/a><\/p>\n\n\n\n<p><a href=\"https:\/\/www.goiania.go.gov.br\/conselhotributario\/wp-content\/uploads\/sites\/24\/2021\/11\/Ata-Sessao-Ordinaria-Virtual-22.11.2021.pdf\">Ata Quarta C\u00e2mara 22.11.2021 &#8211; Sess\u00e3o Virtual<\/a><\/p>\n\n\n\n<p><a href=\"https:\/\/www.goiania.go.gov.br\/conselhotributario\/wp-content\/uploads\/sites\/24\/2021\/12\/Ata-Sessao-Ordinaria-Virtual-13.12.2021.pdf\">Ata Quarta C\u00e2mara 13.12.2021 &#8211; Sess\u00e3o Virtual<\/a><\/p>\n\n\n\n<p><\/p>\n","protected":false},"excerpt":{"rendered":"<p>Ata Quarta C\u00e2mara 29.07.2021 &#8211; Sess\u00e3o Virtual Ata Quarta C\u00e2mara 18.10.2021 &#8211; Sess\u00e3o Virtual Ata Quarta C\u00e2mara 04.11.2021 &#8211; Sess\u00e3o Virtual Ata Elei\u00e7\u00e3o Vice-Presidente da Quarta C\u00e2mara 04\/11\/2021 &#8211; Sess\u00e3o Virtual Ata Quarta C\u00e2mara 22.11.2021 &#8211; Sess\u00e3o Virtual Ata Quarta C\u00e2mara 13.12.2021 &#8211; Sess\u00e3o Virtual<\/p>\n","protected":false},"author":1,"featured_media":0,"parent":632,"menu_order":5,"comment_status":"closed","ping_status":"closed","template":"","meta":{"_acf_changed":false,"custom_icon_class":"","footnotes":""},"class_list":["post-1044","page","type-page","status-publish","hentry"],"acf":[],"_links":{"self":[{"href":"https:\/\/www.goiania.go.gov.br\/conselhotributario\/wp-json\/wp\/v2\/pages\/1044","targetHints":{"allow":["GET"]}}],"collection":[{"href":"https:\/\/www.goiania.go.gov.br\/conselhotributario\/wp-json\/wp\/v2\/pages"}],"about":[{"href":"https:\/\/www.goiania.go.gov.br\/conselhotributario\/wp-json\/wp\/v2\/types\/page"}],"author":[{"embeddable":true,"href":"https:\/\/www.goiania.go.gov.br\/conselhotributario\/wp-json\/wp\/v2\/users\/1"}],"replies":[{"embeddable":true,"href":"https:\/\/www.goiania.go.gov.br\/conselhotributario\/wp-json\/wp\/v2\/comments?post=1044"}],"version-history":[{"count":10,"href":"https:\/\/www.goiania.go.gov.br\/conselhotributario\/wp-json\/wp\/v2\/pages\/1044\/revisions"}],"predecessor-version":[{"id":2524,"href":"https:\/\/www.goiania.go.gov.br\/conselhotributario\/wp-json\/wp\/v2\/pages\/1044\/revisions\/2524"}],"up":[{"embeddable":true,"href":"https:\/\/www.goiania.go.gov.br\/conselhotributario\/wp-json\/wp\/v2\/pages\/632"}],"wp:attachment":[{"href":"https:\/\/www.goiania.go.gov.br\/conselhotributario\/wp-json\/wp\/v2\/media?parent=1044"}],"curies":[{"name":"wp","href":"https:\/\/api.w.org\/{rel}","templated":true}]}}