{"id":11,"date":"2024-08-26T09:48:46","date_gmt":"2024-08-26T12:48:46","guid":{"rendered":"https:\/\/www.goiania.go.gov.br\/conselhodeeducacao\/?page_id=11"},"modified":"2025-09-25T10:37:01","modified_gmt":"2025-09-25T13:37:01","slug":"o-conselho","status":"publish","type":"page","link":"https:\/\/www.goiania.go.gov.br\/conselhodeeducacao\/o-conselho\/","title":{"rendered":"O Conselho"},"content":{"rendered":"\n<p>O Conselho Municipal de Educa\u00e7\u00e3o de Goi\u00e2nia (CME), institu\u00eddo pela <a href=\"https:\/\/www.goiania.go.gov.br\/conselhodeeducacao\/wp-content\/uploads\/sites\/47\/2024\/08\/LEI-No-7771.pdf\" data-type=\"attachment\" data-id=\"76\">Lei n.\u00ba 7.771, de 29 de dezembro de 1997<\/a>, observado o disposto na Lei Federal N.\u00ba 9.394, de 20 de dezembro de 1996, e na Lei Org\u00e2nica do Munic\u00edpio, de 05 de abril de 1990, bem como no Estatuto dos Servidores do Magist\u00e9rio P\u00fablico do Munic\u00edpio de Goi\u00e2nia, \u00e9 o \u00d3rg\u00e3o superior de consulta e de delibera\u00e7\u00e3o coletiva, incumbido de normatizar, orientar, inspecionar e acompanhar as institui\u00e7\u00f5es educacionais p\u00fablicas que oferecem a Educa\u00e7\u00e3o Infantil e o Ensino Fundamental, e as institui\u00e7\u00f5es educacionais privadas que oferecem a Educa\u00e7\u00e3o Infantil.<\/p>\n\n\n\n<p>Conforme seu <a href=\"https:\/\/www.goiania.go.gov.br\/conselhodeeducacao\/wp-content\/uploads\/sites\/47\/2025\/03\/Regimento-Interno-CME.pdf\" data-type=\"attachment\" data-id=\"166\" target=\"_blank\" rel=\"noreferrer noopener\">Regimento Interno<\/a>, institu\u00eddo pelo Decreto n.\u00ba 873\/2003, atualmente o CME \u00e9 organizado com a seguinte estrutura:<\/p>\n\n\n\n<p>I. Conselho Pleno<\/p>\n\n\n\n<ul class=\"wp-block-list\">\n<li>Sess\u00f5es Plen\u00e1rias<\/li>\n<\/ul>\n\n\n\n<p>II. Presid\u00eancia<\/p>\n\n\n\n<ul class=\"wp-block-list\">\n<li>Comiss\u00f5es Especiais<\/li>\n\n\n\n<li>Assessoria T\u00e9cnica<\/li>\n\n\n\n<li>Servi\u00e7o de Inspe\u00e7\u00e3o Escolar<\/li>\n\n\n\n<li>Secretaria-Geral<\/li>\n\n\n\n<li>Secretaria Executiva<\/li>\n<\/ul>\n\n\n\n<p>III. Vice-Presid\u00eancia<\/p>\n\n\n\n<p>As sess\u00f5es plen\u00e1rias \u2013 momento em que os conselheiros deliberam as mat\u00e9rias em tramita\u00e7\u00e3o no CME \u2013 s\u00e3o realizadas duas vezes na semana, sempre \u00e0s ter\u00e7as (matutino) e quintas (vespertino).<\/p>\n\n\n\n<p>S\u00e3o Conselheiros(as) Municipais de Educa\u00e7\u00e3o:<\/p>\n\n\n\n<ul class=\"wp-block-list\">\n<li>Dilma Vieira da Silva Mattos, indicada do movimento comunit\u00e1rio;<\/li>\n\n\n\n<li>Divino Alves Bueno, <strong>Presidente<\/strong>, indicado do Poder Executivo;<\/li>\n\n\n\n<li>Eliane Rosa de Azara, indicada do segmento de pais;<\/li>\n\n\n\n<li>Helik\u00eania Ferreira Silva Brum, <strong>Secret\u00e1ria-geral<\/strong>, indicada do Poder Executivo;<\/li>\n\n\n\n<li>Orestes dos Reis Souto, indicado do SINPRO (Sindicado dos Professores do Estado de Goi\u00e1s);<\/li>\n\n\n\n<li>Paulo S\u00e9rgio Santos, <strong>Vice-presidente<\/strong>, indicado do SEPE (Sindicato dos Estabelecimentos Particulares de Ensino de Goi\u00e2nia);<\/li>\n\n\n\n<li>Roberto Borges de Oliveira, indicado do SINTEGO (Sindicato dos Trabalhadores em Educa\u00e7\u00e3o de Goi\u00e1s);<\/li>\n\n\n\n<li>T\u00falio Franco Porto, indicado do segmento de pais<\/li>\n\n\n\n<li><em>aguardando indica\u00e7\u00e3o do<\/em> CONDIR (Conselho de Diretores das Escolas Municipais, CMEIs de Goi\u00e2nia);<\/li>\n\n\n\n<li><em>aguardando indica\u00e7\u00e3o do<\/em> SindiGoi\u00e2nia (Sindicato dos Funcion\u00e1rios P\u00fablicos do Munic\u00edpio de Goi\u00e2nia);<\/li>\n\n\n\n<li><em>aguardando indica\u00e7\u00e3o do Poder Legislativo;<\/em><\/li>\n\n\n\n<li><em>aguardando indica\u00e7\u00e3o do<\/em> Poder Executivo;<\/li>\n\n\n\n<li><em>aguardando indica\u00e7\u00e3o do<\/em> Poder Executivo.<\/li>\n<\/ul>\n\n\n\n<figure class=\"wp-block-gallery has-nested-images columns-default is-cropped wp-block-gallery-1 is-layout-flex wp-block-gallery-is-layout-flex\"><\/figure>\n","protected":false},"excerpt":{"rendered":"<p>O Conselho Municipal de Educa\u00e7\u00e3o de Goi\u00e2nia (CME), institu\u00eddo pela Lei n.\u00ba 7.771, de 29 de dezembro de 1997, observado o disposto na Lei Federal N.\u00ba 9.394, de 20 de dezembro de 1996, e na Lei Org\u00e2nica do Munic\u00edpio, de 05 de abril de 1990, bem como no Estatuto dos Servidores do Magist\u00e9rio P\u00fablico do [&hellip;]<\/p>\n","protected":false},"author":1,"featured_media":0,"parent":0,"menu_order":0,"comment_status":"closed","ping_status":"closed","template":"","meta":{"_acf_changed":false,"custom_icon_class":"","footnotes":""},"class_list":["post-11","page","type-page","status-publish","hentry"],"acf":[],"_links":{"self":[{"href":"https:\/\/www.goiania.go.gov.br\/conselhodeeducacao\/wp-json\/wp\/v2\/pages\/11","targetHints":{"allow":["GET"]}}],"collection":[{"href":"https:\/\/www.goiania.go.gov.br\/conselhodeeducacao\/wp-json\/wp\/v2\/pages"}],"about":[{"href":"https:\/\/www.goiania.go.gov.br\/conselhodeeducacao\/wp-json\/wp\/v2\/types\/page"}],"author":[{"embeddable":true,"href":"https:\/\/www.goiania.go.gov.br\/conselhodeeducacao\/wp-json\/wp\/v2\/users\/1"}],"replies":[{"embeddable":true,"href":"https:\/\/www.goiania.go.gov.br\/conselhodeeducacao\/wp-json\/wp\/v2\/comments?post=11"}],"version-history":[{"count":10,"href":"https:\/\/www.goiania.go.gov.br\/conselhodeeducacao\/wp-json\/wp\/v2\/pages\/11\/revisions"}],"predecessor-version":[{"id":216,"href":"https:\/\/www.goiania.go.gov.br\/conselhodeeducacao\/wp-json\/wp\/v2\/pages\/11\/revisions\/216"}],"wp:attachment":[{"href":"https:\/\/www.goiania.go.gov.br\/conselhodeeducacao\/wp-json\/wp\/v2\/media?parent=11"}],"curies":[{"name":"wp","href":"https:\/\/api.w.org\/{rel}","templated":true}]}}

<p>O Conselho Municipal de Educação de Goiânia (CME), instituído pela <a href="https://www.goiania.go.gov.br/conselhodeeducacao/wp-content/uploads/sites/47/2024/08/LEI-No-7771.pdf" data-type="attachment" data-id="76">Lei n.º 7.771, de 29 de dezembro de 1997</a>, observado o disposto na Lei Federal N.º 9.394, de 20 de dezembro de 1996, e na Lei Orgânica do Município, de 05 de abril de 1990, bem como no Estatuto dos Servidores do Magistério Público do Município de Goiânia, é o Órgão superior de consulta e de deliberação coletiva, incumbido de normatizar, orientar, inspecionar e acompanhar as instituições educacionais públicas que oferecem a Educação Infantil e o Ensino Fundamental, e as instituições educacionais privadas que oferecem a Educação Infantil.</p>



<p>Conforme seu <a href="https://www.goiania.go.gov.br/conselhodeeducacao/wp-content/uploads/sites/47/2025/03/Regimento-Interno-CME.pdf" data-type="attachment" data-id="166" target="_blank" rel="noreferrer noopener">Regimento Interno</a>, instituído pelo Decreto n.º 873/2003, atualmente o CME é organizado com a seguinte estrutura:</p>



<p>I. Conselho Pleno</p>



<ul class="wp-block-list">
<li>Sessões Plenárias</li>
</ul>



<p>II. Presidência</p>



<ul class="wp-block-list">
<li>Comissões Especiais</li>



<li>Assessoria Técnica</li>



<li>Serviço de Inspeção Escolar</li>



<li>Secretaria-Geral</li>



<li>Secretaria Executiva</li>
</ul>



<p>III. Vice-Presidência</p>



<p>As sessões plenárias – momento em que os conselheiros deliberam as matérias em tramitação no CME – são realizadas duas vezes na semana, sempre às terças (matutino) e quintas (vespertino).</p>



<p>São Conselheiros(as) Municipais de Educação:</p>



<ul class="wp-block-list">
<li>Dilma Vieira da Silva Mattos, indicada do movimento comunitário;</li>



<li>Divino Alves Bueno, <strong>Presidente</strong>, indicado do Poder Executivo;</li>



<li>Eliane Rosa de Azara, indicada do segmento de pais;</li>



<li>Helikênia Ferreira Silva Brum, <strong>Secretária-geral</strong>, indicada do Poder Executivo;</li>



<li>Orestes dos Reis Souto, indicado do SINPRO (Sindicado dos Professores do Estado de Goiás);</li>



<li>Paulo Sérgio Santos, <strong>Vice-presidente</strong>, indicado do SEPE (Sindicato dos Estabelecimentos Particulares de Ensino de Goiânia);</li>



<li>Roberto Borges de Oliveira, indicado do SINTEGO (Sindicato dos Trabalhadores em Educação de Goiás);</li>



<li>Túlio Franco Porto, indicado do segmento de pais</li>



<li><em>aguardando indicação do</em> CONDIR (Conselho de Diretores das Escolas Municipais, CMEIs de Goiânia);</li>



<li><em>aguardando indicação do</em> SindiGoiânia (Sindicato dos Funcionários Públicos do Município de Goiânia);</li>



<li><em>aguardando indicação do Poder Legislativo;</em></li>



<li><em>aguardando indicação do</em> Poder Executivo;</li>



<li><em>aguardando indicação do</em> Poder Executivo.</li>
</ul>



<figure class="wp-block-gallery has-nested-images columns-default is-cropped wp-block-gallery-1 is-layout-flex wp-block-gallery-is-layout-flex"></figure>

<p>O Conselho Municipal de Educação de Goiânia (CME), instituído pela Lei n.º 7.771, de 29 de dezembro de 1997, observado o disposto na Lei Federal N.º 9.394, de 20 de dezembro de 1996, e na Lei Orgânica do Município, de 05 de abril de 1990, bem como no Estatuto dos Servidores do Magistério Público do [&hellip;]</p>
