{"id":759,"date":"2023-07-18T09:46:48","date_gmt":"2023-07-18T12:46:48","guid":{"rendered":"https:\/\/www.goiania.go.gov.br\/arg\/?page_id=759"},"modified":"2023-08-21T15:30:41","modified_gmt":"2023-08-21T18:30:41","slug":"consulta-publica-n011-2023","status":"publish","type":"page","link":"https:\/\/www.goiania.go.gov.br\/arg\/consultas-publicas\/consulta-publica-n011-2023\/","title":{"rendered":"Consulta P\u00fablica n\u00b0011\/2023"},"content":{"rendered":"\n<h3 class=\"wp-block-heading\">Aviso<\/h3>\n\n\n\n<ul class=\"wp-block-list\"><li><a href=\"https:\/\/www.goiania.go.gov.br\/arg\/wp-content\/uploads\/sites\/19\/2023\/07\/Aviso-Publicado.pdf\">Aviso Di\u00e1rio Oficial<\/a><\/li><\/ul>\n\n\n\n<h3 class=\"wp-block-heading\">Nota T\u00e9cnica<\/h3>\n\n\n\n<ul class=\"wp-block-list\"><li><a href=\"https:\/\/www.goiania.go.gov.br\/arg\/wp-content\/uploads\/sites\/19\/2023\/07\/SEI_49753157_Nota_Tecnica_Conjunta_5__3_.pdf\">Nota T\u00e9cnica Conjunta n\u00ba05\/2023 \u2013 AGR<\/a><\/li><\/ul>\n\n\n\n<h3 class=\"wp-block-heading\">Minutas<\/h3>\n\n\n\n<ul class=\"wp-block-list\"><li><a href=\"https:\/\/www.goiania.go.gov.br\/arg\/wp-content\/uploads\/sites\/19\/2023\/07\/Minuta___Proposta_Resolucao_Conjunta_18_A_AGR.AR_.pdf\">Minuta de Resolu\u00e7\u00e3o Normativa<\/a><\/li><\/ul>\n\n\n\n<h3 class=\"wp-block-heading\">Of\u00edcios<\/h3>\n\n\n\n<ul class=\"wp-block-list\"><li><a href=\"https:\/\/www.goiania.go.gov.br\/arg\/wp-content\/uploads\/sites\/19\/2023\/07\/SEI_2126063_Oficio_Titular_264.pdf\">Of\u00edcio Titular n\u00ba264 \u2013 PROCON GOI\u00c1S<\/a><\/li><li><a href=\"https:\/\/www.goiania.go.gov.br\/arg\/wp-content\/uploads\/sites\/19\/2023\/07\/SEI_2126201_Oficio_Titular_265.pdf\">Of\u00edcio Titular n\u00ba265 \u2013 PROCON GOI\u00c2NIA<\/a><\/li><li><a href=\"https:\/\/www.goiania.go.gov.br\/arg\/wp-content\/uploads\/sites\/19\/2023\/07\/SEI_2126235_Oficio_Titular_266.pdf\">Of\u00edcio Titular n\u00ba266 \u2013 MPGO<\/a><\/li><li><a href=\"https:\/\/www.goiania.go.gov.br\/arg\/wp-content\/uploads\/sites\/19\/2023\/07\/SEI_2126260_Oficio_Titular_267.pdf\">Of\u00edcio Titular n\u00ba267 \u2013 SECOVI<\/a><\/li><li><a href=\"https:\/\/www.goiania.go.gov.br\/arg\/wp-content\/uploads\/sites\/19\/2023\/07\/SEI_2126384_Oficio_Titular_268.pdf\">Of\u00edcio Titular n\u00ba268 \u2013 CODESE<\/a><\/li><li><a href=\"https:\/\/www.goiania.go.gov.br\/arg\/wp-content\/uploads\/sites\/19\/2023\/07\/SEI_2126416_Oficio_Titular_269.pdf\">Of\u00edcio Titular n\u00ba269 \u2013 SANEAGO<\/a><\/li><li><a href=\"https:\/\/www.goiania.go.gov.br\/arg\/wp-content\/uploads\/sites\/19\/2023\/07\/SEI_2126541_Oficio_Titular_270.pdf\">Of\u00edcio Titular n\u00ba270 \u2013 ADU-GO<\/a><\/li><\/ul>\n\n\n\n<h3 class=\"wp-block-heading\">Formul\u00e1rio<\/h3>\n\n\n\n<ul class=\"wp-block-list\"><li><a href=\"https:\/\/www.goiania.go.gov.br\/arg\/wp-content\/uploads\/sites\/19\/2023\/07\/Formulario_de_contribuicao___Consulta_Publica_N_004.2023___Minuta_Resolucao_18___A.pdf\">Formul\u00e1rio de&nbsp;Contribui\u00e7\u00f5es<\/a><\/li><\/ul>\n\n\n\n<h3 class=\"wp-block-heading\">Contribui\u00e7\u00f5es<\/h3>\n\n\n\n<ul class=\"wp-block-list\"><li><a href=\"https:\/\/www.goiania.go.gov.br\/arg\/wp-content\/uploads\/sites\/19\/2023\/08\/MP.pdf\" target=\"_blank\" rel=\"noreferrer noopener\">Contribui\u00e7\u00e3o Minist\u00e9rio P\u00fablico<\/a><\/li><li><a href=\"https:\/\/www.goiania.go.gov.br\/arg\/wp-content\/uploads\/sites\/19\/2023\/08\/Saneago.pdf\">Contribui\u00e7\u00e3o SANEAGO<\/a><\/li><li><a href=\"https:\/\/www.goiania.go.gov.br\/arg\/wp-content\/uploads\/sites\/19\/2023\/08\/secovi.pdf\" target=\"_blank\" rel=\"noreferrer noopener\">Contribui\u00e7\u00e3o SECOVI<\/a><\/li><\/ul>\n\n\n\n<p><\/p>\n","protected":false},"excerpt":{"rendered":"<p>Aviso Aviso Di\u00e1rio Oficial Nota T\u00e9cnica Nota T\u00e9cnica Conjunta n\u00ba05\/2023 \u2013 AGR Minutas Minuta de Resolu\u00e7\u00e3o Normativa Of\u00edcios Of\u00edcio Titular n\u00ba264 \u2013 PROCON GOI\u00c1S Of\u00edcio Titular n\u00ba265 \u2013 PROCON GOI\u00c2NIA Of\u00edcio Titular n\u00ba266 \u2013 MPGO Of\u00edcio Titular n\u00ba267 \u2013 SECOVI Of\u00edcio Titular n\u00ba268 \u2013 CODESE Of\u00edcio Titular n\u00ba269 \u2013 SANEAGO Of\u00edcio Titular n\u00ba270 \u2013 ADU-GO [&hellip;]<\/p>\n","protected":false},"author":1,"featured_media":0,"parent":332,"menu_order":10,"comment_status":"closed","ping_status":"closed","template":"","meta":{"_acf_changed":false,"custom_icon_class":"","footnotes":""},"class_list":["post-759","page","type-page","status-publish","hentry"],"acf":[],"_links":{"self":[{"href":"https:\/\/www.goiania.go.gov.br\/arg\/wp-json\/wp\/v2\/pages\/759","targetHints":{"allow":["GET"]}}],"collection":[{"href":"https:\/\/www.goiania.go.gov.br\/arg\/wp-json\/wp\/v2\/pages"}],"about":[{"href":"https:\/\/www.goiania.go.gov.br\/arg\/wp-json\/wp\/v2\/types\/page"}],"author":[{"embeddable":true,"href":"https:\/\/www.goiania.go.gov.br\/arg\/wp-json\/wp\/v2\/users\/1"}],"replies":[{"embeddable":true,"href":"https:\/\/www.goiania.go.gov.br\/arg\/wp-json\/wp\/v2\/comments?post=759"}],"version-history":[{"count":7,"href":"https:\/\/www.goiania.go.gov.br\/arg\/wp-json\/wp\/v2\/pages\/759\/revisions"}],"predecessor-version":[{"id":800,"href":"https:\/\/www.goiania.go.gov.br\/arg\/wp-json\/wp\/v2\/pages\/759\/revisions\/800"}],"up":[{"embeddable":true,"href":"https:\/\/www.goiania.go.gov.br\/arg\/wp-json\/wp\/v2\/pages\/332"}],"wp:attachment":[{"href":"https:\/\/www.goiania.go.gov.br\/arg\/wp-json\/wp\/v2\/media?parent=759"}],"curies":[{"name":"wp","href":"https:\/\/api.w.org\/{rel}","templated":true}]}}