{"id":589,"date":"2022-10-20T09:42:34","date_gmt":"2022-10-20T12:42:34","guid":{"rendered":"https:\/\/www.goiania.go.gov.br\/arg\/?page_id=589"},"modified":"2025-08-22T08:46:03","modified_gmt":"2025-08-22T11:46:03","slug":"nossos-servicos","status":"publish","type":"page","link":"https:\/\/www.goiania.go.gov.br\/arg\/nossos-servicos\/","title":{"rendered":"Servi\u00e7os"},"content":{"rendered":"\n<p>A Ag\u00eancia de Regula\u00e7\u00e3o de Goi\u00e2nia \u2013 AR disciplina a forma de presta\u00e7\u00e3o dos servi\u00e7os, controla e fiscaliza todos os servi\u00e7os de saneamento b\u00e1sico no munic\u00edpio de Goi\u00e2nia: drenagem urbana, manejo de res\u00edduos s\u00f3lidos, abastecimento de \u00e1gua, coleta e tratamento de esgoto sanit\u00e1rio.<\/p>\n\n\n\n<p>Se voc\u00ea abriu uma reclama\u00e7\u00e3o ou den\u00fancia sobre um desses servi\u00e7os junto \u00e0 SANEAGO e, ap\u00f3s o prazo informado, a solicita\u00e7\u00e3o n\u00e3o foi atendida, envie para nosso WhatsApp (62 3524-1075) o n\u00famero do protocolo de atendimento, juntamente, com o relato&nbsp;da&nbsp;situa\u00e7\u00e3o.<\/p>\n","protected":false},"excerpt":{"rendered":"<p>A Ag\u00eancia de Regula\u00e7\u00e3o de Goi\u00e2nia \u2013 AR disciplina a forma de presta\u00e7\u00e3o dos servi\u00e7os, controla e fiscaliza todos os servi\u00e7os de saneamento b\u00e1sico no munic\u00edpio de Goi\u00e2nia: drenagem urbana, manejo de res\u00edduos s\u00f3lidos, abastecimento de \u00e1gua, coleta e tratamento de esgoto sanit\u00e1rio. Se voc\u00ea abriu uma reclama\u00e7\u00e3o ou den\u00fancia sobre um desses servi\u00e7os junto [&hellip;]<\/p>\n","protected":false},"author":1,"featured_media":0,"parent":0,"menu_order":6,"comment_status":"closed","ping_status":"closed","template":"","meta":{"_acf_changed":false,"custom_icon_class":"","footnotes":""},"class_list":["post-589","page","type-page","status-publish","hentry"],"acf":[],"_links":{"self":[{"href":"https:\/\/www.goiania.go.gov.br\/arg\/wp-json\/wp\/v2\/pages\/589","targetHints":{"allow":["GET"]}}],"collection":[{"href":"https:\/\/www.goiania.go.gov.br\/arg\/wp-json\/wp\/v2\/pages"}],"about":[{"href":"https:\/\/www.goiania.go.gov.br\/arg\/wp-json\/wp\/v2\/types\/page"}],"author":[{"embeddable":true,"href":"https:\/\/www.goiania.go.gov.br\/arg\/wp-json\/wp\/v2\/users\/1"}],"replies":[{"embeddable":true,"href":"https:\/\/www.goiania.go.gov.br\/arg\/wp-json\/wp\/v2\/comments?post=589"}],"version-history":[{"count":3,"href":"https:\/\/www.goiania.go.gov.br\/arg\/wp-json\/wp\/v2\/pages\/589\/revisions"}],"predecessor-version":[{"id":1252,"href":"https:\/\/www.goiania.go.gov.br\/arg\/wp-json\/wp\/v2\/pages\/589\/revisions\/1252"}],"wp:attachment":[{"href":"https:\/\/www.goiania.go.gov.br\/arg\/wp-json\/wp\/v2\/media?parent=589"}],"curies":[{"name":"wp","href":"https:\/\/api.w.org\/{rel}","templated":true}]}}