{"id":325,"date":"2022-02-01T10:25:11","date_gmt":"2022-02-01T13:25:11","guid":{"rendered":"https:\/\/www.goiania.go.gov.br\/arg\/?page_id=325"},"modified":"2022-03-15T09:10:08","modified_gmt":"2022-03-15T12:10:08","slug":"consulta-publica-001","status":"publish","type":"page","link":"https:\/\/www.goiania.go.gov.br\/arg\/consultas-publicas\/consulta-publica-001\/","title":{"rendered":"Consulta P\u00fablica n\u00b0 001\/2022"},"content":{"rendered":"\n<h3 class=\"wp-block-heading\">Avisos<\/h3>\n\n\n\n<div class=\"wp-block-file\"><a href=\"https:\/\/www.goiania.go.gov.br\/arg\/wp-content\/uploads\/sites\/19\/2022\/02\/Aviso-consulta-publica-no-001.2022.pdf\">Aviso consulta p\u00fablica n\u00ba 001.2022<\/a><a href=\"https:\/\/www.goiania.go.gov.br\/arg\/wp-content\/uploads\/sites\/19\/2022\/02\/Aviso-consulta-publica-no-001.2022.pdf\" class=\"wp-block-file__button\" download>ACESSAR<\/a><\/div>\n\n\n\n<h3 class=\"wp-block-heading\">Resolu\u00e7\u00f5es<\/h3>\n\n\n\n<div class=\"wp-block-file\"><a href=\"https:\/\/www.goiania.go.gov.br\/arg\/wp-content\/uploads\/sites\/19\/2022\/02\/Resolucao-Normativa-no-007.2022-Fatura-Digital.pdf\">Resolu\u00e7\u00e3o Normativa n\u00b0 007.2022 &#8211; Fatura Digital<\/a><a href=\"https:\/\/www.goiania.go.gov.br\/arg\/wp-content\/uploads\/sites\/19\/2022\/02\/Resolucao-Normativa-no-007.2022-Fatura-Digital.pdf\" class=\"wp-block-file__button\" download>ACESSAR<\/a><\/div>\n\n\n\n<h3 class=\"wp-block-heading\">Termos de Ades\u00e3o<\/h3>\n\n\n\n<div class=\"wp-block-file\"><a href=\"https:\/\/www.goiania.go.gov.br\/arg\/wp-content\/uploads\/sites\/19\/2022\/02\/Termo-de-Adesao-ao-servico-de-Fatura-Digital.pdf\">Termo de Ades\u00e3o ao Servi\u00e7o de Fatura Digital<\/a><a href=\"https:\/\/www.goiania.go.gov.br\/arg\/wp-content\/uploads\/sites\/19\/2022\/02\/Termo-de-Adesao-ao-servico-de-Fatura-Digital.pdf\" class=\"wp-block-file__button\" download>ACESSAR<\/a><\/div>\n\n\n\n<h3 class=\"wp-block-heading\">Relat\u00f3rios<\/h3>\n\n\n\n<div class=\"wp-block-file\"><a href=\"https:\/\/www.goiania.go.gov.br\/arg\/wp-content\/uploads\/sites\/19\/2022\/03\/Relatorio-Conjunto-no-03.2022-AR.AGR_.pdf\">Relat\u00f3rio Conjunto n\u00ba 03\/2022 \u2013 AR\/AGR<\/a><a href=\"https:\/\/www.goiania.go.gov.br\/arg\/wp-content\/uploads\/sites\/19\/2022\/03\/Relatorio-Conjunto-no-03.2022-AR.AGR_.pdf\" class=\"wp-block-file__button\" download>ACESSAR<\/a><\/div>\n\n\n\n<h3 class=\"wp-block-heading\">Of\u00edcios<\/h3>\n\n\n\n<div class=\"wp-block-file\"><a href=\"https:\/\/www.goiania.go.gov.br\/arg\/wp-content\/uploads\/sites\/19\/2022\/03\/Oficio-no-0705.2022-DIFIR.DIPRE_-1.pdf\">Of\u00edcio n\u00ba 0705\/2022 &#8211; Saneago<\/a><a href=\"https:\/\/www.goiania.go.gov.br\/arg\/wp-content\/uploads\/sites\/19\/2022\/03\/Oficio-no-0705.2022-DIFIR.DIPRE_-1.pdf\" class=\"wp-block-file__button\" download>ACESSAR<\/a><\/div>\n","protected":false},"excerpt":{"rendered":"<p>Avisos Resolu\u00e7\u00f5es Termos de Ades\u00e3o Relat\u00f3rios Of\u00edcios<\/p>\n","protected":false},"author":1,"featured_media":0,"parent":332,"menu_order":0,"comment_status":"closed","ping_status":"closed","template":"","meta":{"_acf_changed":false,"custom_icon_class":"","footnotes":""},"class_list":["post-325","page","type-page","status-publish","hentry"],"acf":[],"_links":{"self":[{"href":"https:\/\/www.goiania.go.gov.br\/arg\/wp-json\/wp\/v2\/pages\/325","targetHints":{"allow":["GET"]}}],"collection":[{"href":"https:\/\/www.goiania.go.gov.br\/arg\/wp-json\/wp\/v2\/pages"}],"about":[{"href":"https:\/\/www.goiania.go.gov.br\/arg\/wp-json\/wp\/v2\/types\/page"}],"author":[{"embeddable":true,"href":"https:\/\/www.goiania.go.gov.br\/arg\/wp-json\/wp\/v2\/users\/1"}],"replies":[{"embeddable":true,"href":"https:\/\/www.goiania.go.gov.br\/arg\/wp-json\/wp\/v2\/comments?post=325"}],"version-history":[{"count":6,"href":"https:\/\/www.goiania.go.gov.br\/arg\/wp-json\/wp\/v2\/pages\/325\/revisions"}],"predecessor-version":[{"id":408,"href":"https:\/\/www.goiania.go.gov.br\/arg\/wp-json\/wp\/v2\/pages\/325\/revisions\/408"}],"up":[{"embeddable":true,"href":"https:\/\/www.goiania.go.gov.br\/arg\/wp-json\/wp\/v2\/pages\/332"}],"wp:attachment":[{"href":"https:\/\/www.goiania.go.gov.br\/arg\/wp-json\/wp\/v2\/media?parent=325"}],"curies":[{"name":"wp","href":"https:\/\/api.w.org\/{rel}","templated":true}]}}